*t**3 - 1/4*t**4. Calculate o(0).
3
Let n(j) be the second derivative of -8*j + j**2 - 1/6*j**3 + 0. Determine n(3).
-1
Let s(w) = 2*w**2 - w - 7. Let z(y) = -y**2 + 6. Suppose 5*c - 3*c - 8 = 0. Let u(t) = c*z(t) + 3*s(t). Determine u(2).
5
Let k(x) = -x**3 - 5*x**2 - 5*x + 3. Let s(a) = a**3 - 8*a**2 - 8*a - 11. Let t be s(9). Let r(j) = 3*j + 2. Let h be r(t). What is k(h)?
7
Let s(b) = b**3 - 5*b**2 - 6*b - 7. Suppose -4*n - 7*z + 9 = -2*z, 4*z - 6 = -3*n. What is s(n)?
-7
Let n be 15/(-4)*(8/(-3) - -2). Let r(g) be the first derivative of 4 + 4*g + n*g**2. What is r(-3)?
-11
Let o(w) be the second derivative of w**3/6 - 9*w**2/2 - 5*w. Calculate o(7).
-2
Let s = -2 - -4. Suppose 6 = -h - s*h. Let z(d) = -2*d**3 - 2*d**3 - 4*d**2 - 2*d + 3*d**3. What is z(h)?
-4
Let n(m) = -m**3 - 3*m**2 + 7*m + 6. Let g be -3*6*(-2)/9. Let o = -4 + g. Suppose o = -3*h + 12, 0*f + 3*h = 2*f + 20. Give n(f).
-6
Let v(d) = -d**2 + d. Let z(w) = -w**2 - 4*w + 1. Let h(s) = 3*v(s) - z(s). What is h(5)?
-16
Let i(a) = -2*a - 8. Let c(w) = -5*w - 16. Let j = 5 + 2. Let s(d) = j*i(d) - 3*c(d). What is s(0)?
-8
Let r(x) = -2 + 3 - 3*x + x. Let w = 25 + -58. Let l be (-2)/4 - w/6. Determine r(l).
-9
Let d(v) = 4*v + 669 + 3*v - 672 - v + v**2. Give d(-7).
4
Let g = 2 + -3. Let v = g + 10. Let x = v - 6. Let q(u) = u**2 - 3*u - 4. Calculate q(x).
-4
Let z(y) = -4*y - 3*y**2 - 4 + y**3 - y + y + 2*y. Let k(q) = q**2 + 9*q + 3. Let m be k(-9). What is z(m)?
-10
Let m(l) = 3*l + 28. Let t be m(-8). Let c(g) be the second derivative of -1/20*g**5 - 3*g + 0 + 1/6*g**3 + 3/2*g**2 + 1/4*g**t. Give c(3).
6
Let g(z) = z**2 - 8*z + 5. Let r(y) = y - 1. Let t(n) = -g(n) - 6*r(n). Let s be t(2). Let c(p) = 0*p**2 - s - 2*p - p + p**2. Give c(3).
-1
Let u(b) = 7*b - 13. Let q(x) = -3*x + 7. Let l(a) = 9*q(a) + 4*u(a). Determine l(-12).
-1
Suppose -3*v + 2*v = -3. Let x(w) = w**3 - 3*w**2 - 3*w - 1. Give x(v).
-10
Let k(b) = 2 - b - 4 + 4*b - 4*b. Let x(j) = -2. Let q(h) = 4*k(h) - 3*x(h). What is q(-2)?
6
Let j be 3/4 + (-26)/(-8). Let d(n) = n + 1 - j - 1 + 3*n - n**2. Suppose -4*s = 5*t - 0*s + 5, -2*t + 5*s = -31. Give d(t).
-1
Suppose -14 = -3*c - 2. Let o(t) be the second derivative of t**5/20 - t**4/3 + t**3/6 + t**2/2 + 8*t + 5. Calculate o(c).
5
Let v(k) = -k. Let y be v(0). Suppose -5 = -w - y*w. Let j(h) = -w + 0 - h**2 + 3. What is j(2)?
-6
Let d(f) be the second derivative of -f**5/20 - 5*f**4/12 - f**3/3 - 3*f**2/2 - 6*f. Calculate d(-5).
7
Let n(z) be the third derivative of -z**5/60 - z**4/4 - 7*z**3/6 - 2*z**2. Let k(a) = -4*a**2 - a. Let s be k(1). What is n(s)?
-2
Let a(w) = 0 - 1 - w + 4 - 7. Give a(-5).
1
Let w(d) be the second derivative of d**4/12 - d**3/3 + d**2/2 + 29*d. Give w(3).
4
Let k = 6 + 1. Let h(o) = 3*o - o + 3*o - 2*o + o**2 - k. What is h(-5)?
3
Let v(s) be the first derivative of s**4/4 - s**3 - 3*s**2/2 - s + 2. Let q(l) = -l**3 + 6*l**2 - 4*l - 1. Let z be q(5). Determine v(z).
3
Let x = 17 + -6. Let i(o) = -o**2 + 4*o - 9. Let j(f) = 2*f**2 - 7*f + 17. Let g(b) = x*i(b) + 6*j(b). Determine g(-2).
3
Let k be ((-2)/2 + -1)*2. Let x(w) = -7*w**3 - 4*w**2 - 9*w - 7. Let p(m) = -15*m**3 - 8*m**2 - 19*m - 15. Let l(a) = 6*p(a) - 13*x(a). What is l(k)?
-11
Let s = 131/3 - 43. Let m(f) be the first derivative of f - 3 - 1/2*f**2 - s*f**3. What is m(-2)?
-5
Let i(j) be the third derivative of j**4/24 + j**3/6 + j**2. Let f(a) = 7*a + 6. Let b(k) = -f(k) + 5*i(k). Give b(3).
-7
Let g(n) be the first derivative of n**3/3 - 4*n**2 - 2*n + 39. Calculate g(4).
-18
Suppose 4*l = 4*x + 4, -17 = -5*l - 3*x - 52. Let c(w) = 10*w + 12. Let a(b) = 4*b + 5. Let s be 15/18*3*-2. Let f(g) = s*c(g) + 12*a(g). What is f(l)?
8
Let n(w) be the first derivative of w**2/2 + w - 6. Give n(-7).
-6
Let k be (-32)/(-18) - (-2)/9. Let d(c) = -3*c. Let y(l) = 7*l. Let x(n) = k*y(n) + 5*d(n). What is x(3)?
-3
Let p(f) = -2*f - 1. Let s(j) = j + 1. Let q(x) = 3*p(x) + 7*s(x). Calculate q(-5).
-1
Let h(d) be the first derivative of 2*d**4 + d**3/3 + d**2/2 - d - 9. Give h(1).
9
Let l(r) = r**3 - 7*r**2 + 4*r + 2. Suppose -5*w = -3*f + 23, 4*f + w = -2*w - 8. Let q = f - -5. What is l(q)?
-10
Let u(k) = -k + 1. Let l be u(-1). Suppose -10 = 4*o - 66. Let n(h) = -2 - 3*h + o*h**3 - 13*h**3 - h**2 + 2*h. Determine n(l).
0
Let n(i) = i - 1. Let w(s) = -2*s - 8. Let y(x) = n(x) + w(x). Give y(-8).
-1
Let w(d) = -d - 9. Let h(m) = m**2 - 5. Let p be h(0). What is w(p)?
-4
Let i(j) be the third derivative of j**6/120 - 2*j**5/15 - j**4/24 + 7*j**3/6 + 4*j**2. What is i(8)?
-1
Let f(q) = -q**3 + 6*q**2 - q - 2. Let l(k) = k - 6. Let n be l(11). Determine f(n).
18
Let b(l) = 2*l**3 + 4*l**2 + 2*l - 1. Let o be 2/4*(-2 + -2). What is b(o)?
-5
Let l(f) = -f - 2. Let y = -9 + 9. Calculate l(y).
-2
Suppose 36 = 2*c + 14. Let r(p) = -2 + c*p**2 - p**2 + 1. Calculate r(-1).
9
Let l(k) be the second derivative of 1/3*k**3 - 8*k + 5*k**2 + 0. Determine l(-8).
-6
Let z be (7/(-2) - -1)*6. Let y be 18/z*(-10)/3. Let s(k) = y*k + 4 - 3 - k**2 + 0*k**2. Determine s(3).
4
Let q(s) = 121*s - s**2 + 6 + 1 - 131*s. What is q(-11)?
-4
Suppose -5 = 2*t - 4*l + l, 5*t + 50 = -5*l. Let v(b) = -b**3 - 8*b**2 - 9*b - 9. Determine v(t).
5
Suppose -v - 11 = -2*v + 5*c, 0 = 2*v + 5*c - 22. Let t be (-8 + v)/(3/2). Let s(x) = -x + 13 - 13. Determine s(t).
-2
Suppose -3*b = -10 - 11. Suppose b = k + 3. Let c(s) = -s**3 + 5*s**2 - 5*s + 6. Determine c(k).
2
Let m(d) be the first derivative of -d**2/2 - 9*d + 28. Determine m(-10).
1
Let d(a) be the first derivative of a**2/2 - 6*a - 1. Suppose 2*w = 4*w. Give d(w).
-6
Let z(k) be the third derivative of -11*k**5/60 + k**2. Determine z(1).
-11
Let i(o) = o**2 + 8*o + 14. Let x be i(-6). Let g(c) = -3*c**2 + c. Give g(x).
-10
Let c(k) = k**3 - 3*k**2 + 2*k + 3. Let l be 22/8 + (-7)/(-28). What is c(l)?
9
Let b(d) be the third derivative of d**4/12 + d**3/3 + 4*d**2. Give b(-4).
-6
Let s(y) = -y - 7. Let c be ((-10)/(-3))/(4*(-1)/6). Determine s(c).
-2
Suppose -3*p - 2*p = -5. Let k = 2 - 2. Suppose k = -r - p, -3*r = 5*m + 28. Let s(f) = f**3 + 6*f**2 + 6*f + 5. Give s(m).
0
Let x be (2/6)/(1/3). Let t(b) = -5*b. Let n be t(x). Let a(s) = -7*s**2 - 13*s + 5. Let r(k) = -4*k**2 - 7*k + 2. Let w(m) = 3*a(m) - 5*r(m). What is w(n)?
0
Let p(h) be the first derivative of 3/2*h**2 + 1/4*h**4 - 4 + 2*h**3 - 4*h. What is p(-5)?
6
Let t(a) be the second derivative of 5/2*a**2 + 0 - 7/6*a**3 - a + 1/12*a**4. What is t(7)?
5
Suppose -2*q = -q. Let z(t) = 5*t + t + q*t + 2 - t**2 - 3*t. Let f be -3*2*(-2)/3. Calculate z(f).
-2
Let z(u) be the third derivative of u**4/24 - u**3/3 - 9*u**2. Let y(r) = -3*r + 3. Let i(h) = -4*y(h) - 7*z(h). Calculate i(2).
12
Let a(r) = -r**2 + 5*r - 4. Let k be a(3). Let j = 13 + -8. Let o(l) = -3 + 5*l - j*l**2 + 2 + 4*l**k. Calculate o(4).
3
Suppose -q = 4*v - 2 + 23, 0 = -3*v - 4*q - 6. Let c(z) = -2*z - 7. What is c(v)?
5
Let t(r) = 1. Let i(c) = 7*c**2 - c + 4. Let j(z) = i(z) - 4*t(z). Give j(1).
6
Let j(b) = -3*b + 5. Let m(z) = -3*z + 5. Let k(c) = -6*j(c) + 5*m(c). Let n be (5/(-4))/(1/(-4)). What is k(n)?
10
Let m(a) = a + 4. Let o be 57/(-12) - 3/(-4). Let z be 18/4*o/(-6). Suppose -4*u + z*l - 15 = 0, -9 = -2*u - l - 4. Determine m(u).
4
Let g(a) = -56*a + 27*a + 8 + 27*a. What is g(7)?
-6
Suppose -20 = -5*u, 6*n + 3*u - 12 = n. Let q be (-9)/(3 + n) - 1. Let p(x) = x**3 + 3*x**2 - 6*x - 5. Determine p(q).
3
Let y(k) = k**3 + 5*k**2 + k - 5. Suppose -9 = -3*j - 24. Give y(j).
-10
Suppose 3*u + 1 = 7. Let t(z) = z**2 - 7*z + 7*z + u. Determine t(2).
6
Let b(f) = -f - 1. Let d(s) = -3*s + 5. Let t(g) = 2*b(g) - d(g). Calculate t(5).
-2
Let i be 4/(-6)*(-9)/6. Let c(f) = -5*f + 2*f + i - 3*f + 3*f. Give c(1).
-2
Let h(r) = r - 3. Let a(j) = j**2 + 6*j - 2. Let f be a(-6). Let m be (-1 - -3)/f*0. Determine h(m).
-3
Let x be (-2)/(-8) - 1/4. Suppose -3*p + 1 + 2 = x. Let m(v) = -3*v + 1 - 5 + 3 + 9*v. What is m(p)?
5
Let v(f) = 7 - 4*f - 4*f**2 - 4 + 0. Let b(u) = -3*u**2 + 9*u - 7 + 2*u**2 + 8*u**2. Let a(g) = -3*b(g) - 7*v(g). Calculate a(-1).
6
Let q(b) = -b - 9. Suppose -4*k + 4*y - 12 = 0, -2*k + 0*k = 3*y + 26. Let a be q(k). Let s be (-10 - 0)*a/4. Let o(t) = t**2 - 5*t - 4. What is o(s)?
-4
Let m = 11 + -8. Let q = m + -3. Let